(9 + -1 - (-3 - -22)) + -8?
-19
What is the value of 1 + -5 - (-76 - (-121 - 0))?
-49
Evaluate (-14 + 21 - -12) + 26.
45
What is the value of 0 - 23 - (0 - -2) - (-50 + 126 - 64)?
-37
What is the value of 8 + -46 - (-21 + 31 + -23 + 11 + -14)?
-22
Evaluate 3 - ((11 - 3) + -15 + -2 + 4 - -4).
4
What is the value of 24 - 30 - (10 - 4) - (3 + 4 + -106)?
87
Calculate -22 + -12 + 32 + 19 + -20.
-3
What is (9 - 1) + (-3 + -19 - (-27 - (31 - -15)))?
59
What is the value of -1 - -3 - -3 - (-2 - (11 + -21))?
-3
Evaluate -17 - (2 + -4) - (-14136 - -14174).
-53
-32 + -17 + (-4 - (-2 - (-21 + (6 - -2))))
-64
Evaluate -31 + (-747 + 786 - (1 + -6)).
13
What is the value of (-14 - (-7 - 1 - (-37 + 17))) + -6?
-32
Calculate (6 - -15) + -10 + 16 + -15 + -3 + 130.
139
What is the value of (29 - -1) + (-53 - (-93 + 45))?
25
What is (59 - (34 + -31)) + 2 + 8 + -1 + -4?
61
What is the value of 93 + 10 + -46 - 42?
15
What is the value of 72 + (-2 - -8) + -1578 + 1585?
85
Evaluate 10 - (-24 - (1 + 4 + (-11 - (-6 + -5)))).
39
What is 66 + -177 - 30 - -81?
-60
What is the value of -12 + -11 + (6 - -1 - 12)?
-28
-5 - (-9 - -23 - (-2 - -23))
2
What is the value of -68 - (-1 + (-64 - 5))?
2
-6 - (151 + -105 + -21 - (0 - (-1 - 7)))
-23
What is the value of 15 + (0 - (-12 + 15)) - 58?
-46
Calculate (2 - 15 - -4) + (659 - 636).
14
Calculate (68 - 21) + 113 - 89.
71
Calculate 19 - (-12 + -13 + 16 + 5).
23
-64 + (5 - -175) + -7
109
What is the value of -24 + (-168 - -159 - (1 - -13))?
-47
75 - 35 - 63 - -25
2
Evaluate (-93 - 2) + 32 + -124 + 100.
-87
What is the value of 54 - 27 - (66 + -68) - -67?
96
94 + 108 + -29 - 86
87
What is the value of -34 + 43 + -10 + (8 - -10 - 0)?
17
Calculate (-5 - (3 - 7)) + (-2 - -22) + 4.
23
-25 + (62 - 23) + -15 - ((0 - -1) + 26)
-28
(35 - (9 + 17)) + -35
-26
-6 - 2 - (-1628 + 1567)
53
Evaluate -55 - ((-62 - -73) + -4).
-62
What is -2 - (9 + (19 - (29 - 21)) + (1 - 87))?
64
Evaluate -52 - (-51 - -75 - 63).
-13
5 + -5 + (-55 - -6) + 12
-37
What is -1033 - -1128 - (3 + 9)?
83
Calculate -20 + 34 - 25 - (2 + -4 + 1) - 40.
-50
What is -15 + 35 + (91 - (8 - 3)) + -18?
88
-33 + (-104 - -3) - -77
-57
Evaluate 17 + (-2 - -5 - 18) + -222 + 233.
13
Calculate 89 + -11 - 107 - -84.
55
Calculate (-6 + -3 - (-79 - (-1 - (5 - 4)))) + 9.
77
What is the value of (127 - 112 - (-3 - -10)) + (1 - -38) + 6?
53
Calculate 3 + 50 + -8 - (539 - 525).
31
Evaluate 12 + -5 - (-5 + 0 + -39 + 43) - -4.
12
-1 - (61 - 138 - -29)
47
2 - (2 + -5) - 39 - (-36 + (7 - -19))
-24
Evaluate -37 + (-33 - -16) - -45.
-9
Evaluate -7 - (127 + (-40 - 37)).
-57
15 + -18 + 20 - (-95 + 120)
-8
What is the value of -14 - (-61 + -86 + 5)?
128
Evaluate (-5 - -6) + (1 - 4) + (55 + -64 - 46).
-57
What is 118 - (26 + 21) - 59?
12
Evaluate 67 - ((1 - 10) + 52 + -21).
45
Evaluate 2 - -42 - ((7 - -19 - 10) + 25 + -51).
54
What is -133 + (96 + -22 - -7)?
-52
Calculate 20 + 17 + 10 + -62.
-15
Calculate (-27 - (-29 - -11)) + (2 + 1 - -28).
22
What is 64 - (145 - (5 - -138))?
62
(24 - 2) + (1032 - 1050)
4
Calculate -1 + 21 + (21 - (32 + 0)) - -25.
34
What is 6 - 79 - -185 - 46?
66
Evaluate 1878 + -1833 - (34 - 0).
11
Calculate 1 - 18 - ((8 - 12) + 2 - -32).
-47
Calculate 135 + 1 - (-7883 - -7987).
32
59 - (-65 + 119 - -17)
-12
What is the value of -9 - 3 - (-106 + 278 - 73)?
-111
Evaluate -13 - ((-39 - (15 - 9)) + (-1 - 4)).
37
-6 - -32 - (-481 + 533)
-26
What is (-51 - -52) + -30 - 21?
-50
Evaluate -7 + (-2 - (33 + -17 - 39)).
14
What is (-33 - (-100 + 28)) + (-1 - -3 - 7)?
34
Evaluate 49 - ((-14 - -24) + -2 + 9).
32
Calculate -183 - (-12 + 10 - -25 - 71).
-135
What is -798 - -802 - (-4 - (4 + 9 + (-2 - 0)))?
19
Evaluate -43 + 160 - (5 + -2 + -13 - (10 - 9)).
128
What is -46 + -19 + 4 + -14 + 22 + -9?
-62
Calculate -1 - -34 - (-16 - (-54 - (22 + -54))).
27
What is (-28 - -10) + (-26 - (-6 + -12)) + 153?
127
What is the value of -15 - (29 + (-13 - -18 - 18))?
-31
What is the value of (-5 - 32) + 40 + -21 + -2?
-20
Evaluate -37 - (2 - 1) - (-24596 - -24635).
-77
Evaluate 14 + 7 + (-9 - (4 - 20)) + -5.
23
-59 + 171 + (29 - 104)
37
What is (2 - 2) + -4 + 26 + 6 - (12 - 3)?
19
What is the value of (-8 - (-113 - -51)) + -34?
20
Calculate -145 + 81 + -66 + 104.
-26
What is the value of 77 - (58 + -44 + 64)?
-1
72 + -91 + (-78 - -156)
59
What is 102 + -105 - (-13 + -5 + 0)?
15
What is the value of 15 - (50 + -35 - (4 - -48))?
52
What is the value of (18 - 1) + (17 - 30 - -106) + 2?
112
What is 146 + -149 - -147 - 2?
142
32 + -35 + -5 + -27
-35
What is 64 - 111 - (-13 - 14)?
-20
What is 38 + (0 - (-4 - -2) - (6 - -7))?
27
-3 - (-10 - ((-3 - -3) + (5 - 9)))
3
(10 - (-2 - (-3 + -95))) + (-14 - (20 + -37))
-83
What is the value of 281 + -259 - (-3 + -1 + 27 + 4)?
-5
Evaluate 125 - 79 - (-1 + 6).
41
What is the value of 34 + (-125 - 11) + 57?
-45
What is the value of (16 - 2) + (-338 - -338) + 17 + -2?
29
Calculate 520 + -709 - (-15 - 149).
-25
Evaluate -2634 + 2643 + 0 + -2 + 3 + 12 + 2.
24
What is the value of 30 + (23 - (4 + 12 + -8) - 3)?
42
Calculate (-93 + 61 - 62) + (4 + (6 - 5) - 14).
-103
Calculate -60 - ((-29 - -52) + -31 + 35).
-87
What is the value of 21 - (30 - -6) - (-1 - (-4 + 2))?
-16
63 + (45 - (36 + 22))
50
What is the value of 2 - 8 - (35 + -95 + 44) - -6?
16
What is (-30 - -17) + -6 + -1 - (-2 + -2 - -2)?
-18
Evaluate (42 - 74 - ((-2 - 0) + 0)) + 6.
-24
Calculate (-15 - 0) + -16 + -8 + 20 + 13.
-6
Evaluate -237 + 107 + 94 + 16.
-20
(-1 - 42) + (134 - 349 - -192)
-66
What is (-14 + (1 - -3) + 1 - -4) + -15?
-20
What is the value of 51 - (-5 + 50) - -27?
33
What is 45 - 79 - (165 - 223)?
24
What is -60 + -25 + 84 - (2 + 20)?
-23
Calculate 218 + -241 + (47 - 12).
12
10 + 1 + (-391 + 436 - (6 - (5 - 3)))
52
What is the value of -17 + 83 + (224 - 205)?
85
Evaluate 2 + 131 + (-2642 - -2595).
86
Evaluate 0 + -1 - -53 - (6 - -19 - (17 - 0)).
44
Evaluate -37 - (15 + 0 + 60 + -30).
-82
What is the value of 10 + -30 - -3 - -3 - -12 - 37?
-39
Calculate -68 + (181 - -45) + -100.
58
Calculate (6 - -7) + -35 + (127 - (5 + 0)).
100
What is the value of (43 - -2) + (9 - -6) - 22?
38
What is the value of (-32 - (28 - 53)) + -4?
-11
5 + (1 + 12 - (140 + -109))
-13
Calculate (17 - 17 - -51) + (-4 - (-1 + 5)) + 1.
44
-11 + 3 + (-101 - (15 + -18 + 20))
-126
What is 14 - (-8 + (0 - -10) + -12 - 9)?
33
(44 - 11) + 0 - (12 - 2 - 8)
31
What is -114 + -63 + 98 + 52?
-27
What is the value of -83 - (-203 + 29) - 98?
-7
Evaluate (212 - 265 - (-13 - 0)) + -4.
-44
(-32 + 12 - 4) + (0 - -12) + 3
-9
-84 - 14 - (-3 - ((10 - 7) + -10 - -4))
-98
Evaluate -1 + 12 + (-4 - (-7 + 3) - 7).
4
Evaluate (21 + -1 - (7 - -28)) + (-13 - (-1 + 0)).
-27
What is (34 - -5) + -76 - 4?
-41
Evaluate -3 + 12 + -3 + (54 - 66) - 7.
-13
Calculate 63 + -27 + 14 + (-15 - -31).
66
Calculate -8 - (-89 - (-87 - 17)).
-23
Calculate 11 - -3 - 89 - (6 - 10 - 10).
-61
(-8 - (20 - 10 - -6)) + 26 + -34
-32
Evaluate 1 + (3 - 28 - (-8 + -14)) + -14.
-16
What is the value of (-20 - (-16 - -36)) + -14 + 5 + 5?
-44
Evaluate -203 + (374 + -119 - 162).
-110
(2 - 33) + -75 + (79 - 33)
-60
Calculate -99 + 94 - (11 + -9) - -25 - (1 + 0).
17
What is -5 + 19 + 0 + (51 - 142) - -15?
-62
Evaluate -20 + (10 - (-14 - 0)) - -53.
57
Calculate -25 + (-10 - (-29 + 14)) + 1 + 22.
3
Evaluate (-1 - -44) + 20 + -14 + (1 - 13) + 4.
41
What is (3 - (0 - -2)) + -11 + (290 - 299)?
-19
-19 + (-2 - ((7 - 34) + 6 + 8))
-8
What is the value of (70 - -85) + (-14 - -2)?
143
Evaluate -25 + -11 + 21 + -2.
-17
2 + 8 + (6 - (14 + 34))
-32
28 + -42 + -23 + 13
-24
What is the value of 7 - (17 + -6 + -7 - (-7 - (3 + -4)))?
-3
What is -6 + 2 - (32 + 18 - 41 - (6 + 0))?
-7
What is (11797 - 11805) + (-3 - (0 - (-2 - -3))) + 9?
-1
Calculate 44 + (19 - 38) - 13 - (0 - -21).
-9
((9 - -12) + -32 - -45) + -15
19
Evaluate -54 + 13 - (-8 - 6 - (-13 - -8)).
-32
What is the value of 70 + (-47 - -49) - 60?
12
142 + -101 + 40 + -5
76
What is (-131 - -4) + (-8 + (21 - -4) - -2) + -17?
-125
Calculate (-101 - (-101 - 6)) + (-2 - (2 + 1)).
1
-18 + 3 + 2 - (-6 - -32 - -49)
-88
Evaluate -2 + -2 - (-763 + 784).
-25
(-6 - 5) + 20 + -31 + 43
21
Calculate -61 + -1 + 5 + (-32 - (-41 + 10)).
-58
Evaluate -33 + 88 + (31 - 35).
51
(-14 - -4 - 3) + (794 - 811) + (0 - -118)
88
What is -5 + -4 + 2 + -1537 + 1560?
16
Calculate (-4 